rs of ((-5)/2)/(-5)*o.
107
Let r = -22208 + 41397. List the prime factors of r.
31, 619
Let s = 11443 + -6612. What are the prime factors of s?
4831
Let y = -278 + 498. Let c be (308/(-5))/(144/360). Let l = c + y. List the prime factors of l.
2, 3, 11
Let q be (-13)/((-325)/2320)*-10. What are the prime factors of (250/(-40) + 7)/((-2)/q)?
2, 3, 29
Suppose 4*p - 7*m = -4*m - 1131, 5*m - 5 = 0. Let l = 651 + p. What are the prime factors of l?
3, 41
Suppose -7*m + 6*m - 5*h - 695 = 0, -5*m - 4*h - 3538 = 0. Let x = 1458 + m. List the prime factors of x.
2, 11, 17
Let p(g) = g**3 + g + 3. Suppose 4*j = -0*j - 5*z, -2*j = 3*z. Let i be p(j). Suppose -10*b + i*b = -252. What are the prime factors of b?
2, 3
Let o(q) = -16*q**2 - 23*q**2 + 15*q**2 + 37*q - 75 + 14*q + 8*q + q**3. List the prime factors of o(23).
3, 251
Let w be 8/6*(-4 - 88/(-16)) + 2. Let m(d) be the third derivative of 7*d**4/24 - 13*d**3/6 + d**2. List the prime factors of m(w).
3, 5
Suppose 5*o + 1230 - 5615 = 0. Let b = -604 + o. What are the prime factors of b?
3, 7, 13
Let v = -7789 + 21255. List the prime factors of v.
2, 6733
Let j(d) = -d**3 + 10*d**2 - 10*d + 20. Suppose -7*x + 43 + 20 = 0. Suppose 3*z = -4*h + 35, x*h = -4*z + 4*h + 46. What are the prime factors of j(z)?
11
Let p(r) = -7*r**3 + 4*r**2 - 10*r + 104. List the prime factors of p(-8).
2, 503
Let n(t) be the first derivative of -27 - 1/2*t**4 - 12*t + 17/3*t**3 + 8*t**2. What are the prime factors of n(9)?
3, 17
Let q(f) = -19*f + 40. Let p be q(15). Let x = -137 - p. List the prime factors of x.
2, 3
Let m be (6/8)/(8/(-32)). Let b(h) = -64*h + 19. List the prime factors of b(m).
211
Let y(n) = -n**3 - 3*n**2 + 2*n - 12. Let m be y(-6). Let c = 83 - m. List the prime factors of -3 - c - (-3 - 134)*1.
3, 5
What are the prime factors of (-9 + -193)/(2/(-36))?
2, 3, 101
Suppose -31 - 4 = 7*g. List the prime factors of 3470/75*6 - 2/g.
2, 139
Suppose -2*z - 651 = -7921. Suppose 9*p - 2737 = z. What are the prime factors of p?
2, 3, 59
What are the prime factors of (5*-3)/((-9)/2595)?
5, 173
Let u(k) = -11*k**3 - 60*k**2 - 32*k - 9. What are the prime factors of u(-13)?
2, 7, 1031
Let g(w) = 37*w**2 + 3*w + 2. Let x(n) = 11*n - 4. Let t be x(0). List the prime factors of g(t).
2, 3, 97
Let a(u) = -u - 8. Let o be a(6). Suppose 47 = -3*h + 113. Let d = h - o. What are the prime factors of d?
2, 3
Suppose 1222 = 3*u - 2705. Suppose u = 5*w + 169. Suppose 5*t = 412 + w. List the prime factors of t.
2
What are the prime factors of (-12 - (-618045)/60) + 3/(-4)?
2, 643
Let k = 34 + 392. Let a = 902 - k. What are the prime factors of a?
2, 7, 17
Let x(s) = 160*s**3 - 17*s**2 + 6. Let b = 99 - 96. Let n(r) = -53*r**3 + 6*r**2 - 2. Let i(l) = b*x(l) + 8*n(l). List the prime factors of i(1).
5, 11
Let c(l) = l**2 - 33*l + 63. Let a be c(19). What are the prime factors of (-14)/a - 3008/(-116)?
2, 13
Let i(y) = 1194*y**3 + y**2 + 13*y - 26. What are the prime factors of i(2)?
2, 2389
Let c(q) = 2*q**2 - 24*q - 25. Let t be c(13). What are the prime factors of (-10 - -223)*t/1?
3, 71
Let j = -80 - -144. Let r = 588 - 387. Let s = j + r. List the prime factors of s.
5, 53
Let w = -13 + 12. Let m(o) = -o - 1. Let z(d) = -18*d + 1. Let h(k) = w*z(k) + 2*m(k). What are the prime factors of h(2)?
29
Let i(l) = 4*l**3 + 30 + 30 - 3*l**3 - 3*l**2 - 66 + 23*l. What are the prime factors of i(6)?
2, 3, 5
Suppose -918 = -20*y - 98. Suppose -i - 2 = -y. List the prime factors of i.
3, 13
Let f be (-14)/(-56) + -1 + (-13)/4. Let x be (1 - -177)/(f/(-6)). List the prime factors of x/2 - (-6)/4.
3, 5
Suppose 171*g + 42*g = -55*g + 6177668. List the prime factors of g.
7, 37, 89
Suppose -d - 287*t = -285*t - 1360, 5*d = t + 6800. What are the prime factors of d?
2, 5, 17
Suppose u - 26 = -6. Suppose -4*y = 4 - u. List the prime factors of (-2)/(y/(-1)) + (-10)/(-4).
3
Let r = -1022 - -2067. Suppose 2*q + 13 - r = 0. Suppose q + 204 = 4*z. List the prime factors of z.
2, 3, 5
Let m(v) = 2*v**3 - 45*v**2 + 21*v + 4. Let s be m(22). Let o(t) = t**3 + 23*t**2 + 38*t + 17. List the prime factors of o(s).
953
Suppose 155*g = 5*x + 160*g - 249990, 0 = 2*x - 2*g - 100012. What are the prime factors of x?
2, 23, 1087
Let r(m) = m**2 - 7*m - 127. Let n be r(15). Let q(t) = -5*t**3 - 11*t**2 - t + 28. What are the prime factors of q(n)?
7, 173
Suppose 5*f = -5*w - 2310 + 7655, -4*f + 4277 = 3*w. List the prime factors of f.
2, 5, 107
Let a = 13 - 11. Suppose t = -4*t. Suppose t*w = a*w - 92. What are the prime factors of w?
2, 23
Suppose -9*m = -5*o - 6*m + 7298, 5*o = -2*m + 7268. List the prime factors of o.
2, 7, 13
Suppose o - o = 6*o. What are the prime factors of o + (-28)/(-1) + -5?
23
Let u(m) = -2*m**2 + 8*m - 3. Let a = -21 + 23. Let w be u(a). Suppose -5*x = -3*y - 448, -5*x - 6*y + w*y = -444. What are the prime factors of x?
89
Let r be (0 - 0)/(9 + -7). Suppose r = -w - 4*w + 1190. What are the prime factors of w?
2, 7, 17
Suppose 37*y = 51*y - 11984. Suppose -231 = -u + 5*k, 4*u - k - y = 2*k. What are the prime factors of u?
211
List the prime factors of (-3181840)/(-240) + 1/3.
2, 7, 947
Suppose 44*n - 3*b = 49*n - 200961, 5*b = -2*n + 80411. List the prime factors of n.
2, 3, 17, 197
Suppose 3*k = c + 4*k - 1, 0 = -4*k - 4. Suppose -t + 2*d = -370, -t = c*d - 49 - 301. Suppose -3*i + 189 = -t. List the prime factors of i.
3, 61
Suppose -2*w + 3134 - 344 = 0. Let c = -760 + w. List the prime factors of c.
5, 127
Let w = 65625 + -34684. List the prime factors of w.
30941
Let o be (36/(-21))/((-5)/35). Let u be 1*-9*o/(-6). What are the prime factors of -489*(-4)/u + (-4)/(-12)?
109
Suppose -2*q + 6 = 0, -3*v - 4 = 5*q - 28. List the prime factors of (v/3 + -1112)*(-1 + 0).
11, 101
Let v(k) = 25*k**2 - 67*k - 3807. List the prime factors of v(-61).
5, 18661
Let v = -486 + 548. List the prime factors of (-99)/12*v*(-9 - -7).
3, 11, 31
Let n(q) = 15*q**2 - 35*q - 36. Let t be n(-1). Suppose -t*a + 13230 = a. List the prime factors of a.
2, 3, 7
Let i(l) = l**2 - 6*l - 19. Let h be i(10). Suppose -h*x + 411 + 6351 = 0. List the prime factors of x.
2, 7, 23
Let b(x) = -14*x + 25. Let m be b(9). Let z = m + 106. Suppose -z*d = -5*a + 448 + 72, 5*d + 421 = 4*a. List the prime factors of a.
3, 11
List the prime factors of (4 + 5/((-25)/9888))/(1/(-5)).
2, 2467
Suppose -2694 - 1554 = -4*q. Let t = -551 + q. List the prime factors of t.
7, 73
Let o = 4726 + -634. What are the prime factors of o?
2, 3, 11, 31
Let p = -1976 - -2019. Let c(h) = 2*h + 2. Let r be c(2). What are the prime factors of (-1)/((-2)/r) + p?
2, 23
Let i = -20859 + 30239. Suppose i = 29*c - 19*c. What are the prime factors of c?
2, 7, 67
Let j(h) = -h**2 - 33*h + 20. Let d be j(-22). Let c = d + -126. What are the prime factors of c?
2, 17
Let f = 3 - -6. Suppose 7*p + 26 = -f. Let b(r) = r**3 + 8*r**2 - 4*r + 3. What are the prime factors of b(p)?
2, 7
Suppose 0 = -4*a - 14 + 2. Let g(v) = 16*v**2 + v + 4. Let t be g(a). Suppose 4*z - 24 = -2*h + 184, 4*h + t = 3*z. What are the prime factors of z?
3, 17
Let v(r) = 8*r - 18. Let p be v(-9). Let z = p + 90. Let a(o) = -o**2 + 4*o + 60. List the prime factors of a(z).
2, 3, 5
Let h(s) = -3*s + 16. Let y be h(-18). Let m = 73 + y. What are the prime factors of m?
11, 13
Let y(v) = 4*v**3 + 36*v**2 - 12*v - 3. Let q be (1/(-2))/(13/182) - 1. What are the prime factors of y(q)?
349
Let a = -1513 - -3934. Let h = 3867 - a. List the prime factors of h.
2, 3, 241
Let b(j) = 470*j**2 - 170*j + 675. What are the prime factors of b(4)?
3, 5, 167
Suppose 4*a + 5*w = 25279, 3*a - 18960 = 3*w - 7*w. List the prime factors of a.
2, 1579
Let w(s) = 284*s - 1664. What are the prime factors of w(49)?
2, 3, 1021
Suppose 0 = -8*u + 72 + 2008. Suppose 5*f - u = 15*f. Let x(h) = -h**2 - 36*h - 41. List the prime factors of x(f).
3, 73
List the prime factors of ((-1439)/(-4))/(((-294)/14406)/((-20)/7)).
5, 7, 1439
Suppose -102*k = -107*k + 70. Suppose 4*n + k*z = 10*z + 1412, n + 5*z - 337 = 0. List the prime factors of n.
3, 7, 17
Suppose -2*h + 0*h + 111 = -3*n, 2*n + h + 81 = 0. Let y = 41 + n. Suppose q + y*v - 134 = -0*q, v + 615 = 5*q. What are the prime factors of q?
2, 31
Let t be 158/4 - (-4)/8. Suppose -t = 5*b - 6*b - i, 0 = 